825
What is the greatest common factor of 193164921 and 7188?
1797
What is the greatest common divisor of 129349011 and 55?
11
Calculate the greatest common factor of 25 and 802690.
5
What is the highest common factor of 3213 and 61111413?
153
What is the greatest common divisor of 40 and 30720920?
40
What is the greatest common factor of 604 and 16124837?
151
Calculate the highest common divisor of 57561792 and 192.
192
Calculate the greatest common factor of 480 and 436952480.
160
Calculate the greatest common factor of 408 and 152364.
12
Calculate the greatest common divisor of 387 and 3667857.
129
Calculate the highest common factor of 32580 and 80075124.
6516
Calculate the highest common factor of 9780 and 2418268.
652
Calculate the greatest common divisor of 35156588 and 30978.
3442
What is the greatest common factor of 18 and 2397462?
6
What is the highest common divisor of 6286856 and 96?
8
What is the greatest common divisor of 7637656960 and 67?
67
Calculate the greatest common divisor of 18228 and 121241.
31
Calculate the greatest common factor of 141783 and 589206.
849
What is the greatest common factor of 401745 and 3435?
15
What is the highest common factor of 2317455 and 424095?
735
Calculate the greatest common divisor of 521094 and 190.
38
What is the greatest common divisor of 10465600 and 92225?
775
Calculate the greatest common divisor of 65552412 and 348.
348
Calculate the highest common factor of 1127 and 48727.
7
Calculate the greatest common divisor of 62985 and 1564680.
3315
What is the greatest common factor of 552 and 232440668?
92
Calculate the greatest common factor of 1315531 and 2254.
161
Calculate the highest common divisor of 3087311 and 405362.
841
What is the highest common factor of 133 and 12403504?
19
Calculate the greatest common divisor of 3989788 and 297.
11
Calculate the highest common divisor of 13647765 and 135.
15
Calculate the highest common divisor of 276 and 184872344.
92
Calculate the greatest common factor of 1338988 and 21420.
476
What is the greatest common divisor of 3294 and 60733125?
1647
Calculate the greatest common factor of 28700 and 10895668.
1148
Calculate the highest common factor of 19827 and 299680699.
2203
Calculate the highest common factor of 1875 and 1805500.
125
Calculate the greatest common factor of 62 and 18474667.
31
Calculate the greatest common factor of 484 and 250063.
11
Calculate the highest common divisor of 1324130 and 405.
5
What is the highest common factor of 14508 and 62804760?
372
Calculate the highest common divisor of 1182700 and 145.
5
What is the greatest common divisor of 13808 and 34192?
16
Calculate the highest common divisor of 39729704 and 56.
56
What is the greatest common divisor of 48519989 and 1451?
1451
What is the greatest common factor of 120 and 493562010?
30
Calculate the greatest common divisor of 3118994 and 3347074.
5702
Calculate the greatest common factor of 1622565 and 1887.
51
What is the greatest common factor of 116363580 and 27920?
6980
Calculate the highest common factor of 20776 and 9104200.
392
Calculate the highest common divisor of 25165 and 939733.
719
Calculate the greatest common divisor of 33553966 and 62.
62
What is the greatest common divisor of 1775 and 36350935?
355
Calculate the greatest common divisor of 13962 and 978744.
78
What is the greatest common factor of 88 and 890408?
8
Calculate the greatest common factor of 63 and 597627.
9
Calculate the greatest common divisor of 9123270 and 2340.
390
What is the greatest common factor of 692770740 and 306?
102
What is the highest common divisor of 9592890 and 60?
30
Calculate the greatest common divisor of 57 and 224505.
3
What is the greatest common factor of 26482190 and 14?
14
What is the highest common factor of 2950 and 1888025?
25
What is the highest common factor of 85355540 and 60?
20
Calculate the greatest common factor of 15 and 30237205.
5
Calculate the greatest common factor of 266788830 and 77.
77
Calculate the greatest common factor of 270 and 1937570.
10
What is the greatest common factor of 27896 and 36936840?
2536
What is the greatest common factor of 1555 and 114855?
5
Calculate the greatest common divisor of 69161490 and 50.
10
What is the greatest common factor of 8934288 and 6512?
176
Calculate the greatest common divisor of 7787 and 57409358.
599
What is the highest common factor of 181012 and 7111?
13
What is the greatest common factor of 62642216 and 2704?
1352
Calculate the highest common factor of 174772328 and 116.
116
What is the greatest common factor of 12349 and 107413?
233
What is the greatest common divisor of 22719564 and 94209?
3039
What is the greatest common divisor of 19291 and 133219?
101
Calculate the highest common factor of 3795 and 1770195.
345
Calculate the greatest common factor of 278922 and 2478.
42
What is the greatest common factor of 45103 and 1817?
23
What is the highest common divisor of 21127 and 318047?
571
What is the greatest common factor of 5565 and 3277680?
105
Calculate the highest common divisor of 480193 and 343357.
1267
What is the highest common factor of 22925 and 7225043?
917
Calculate the highest common factor of 13785 and 465914620.
4595
Calculate the highest common factor of 2475720 and 78.
78
Calculate the highest common divisor of 604 and 8218519884.
604
What is the highest common divisor of 46549617 and 2529?
843
What is the highest common factor of 272543 and 13961?
607
What is the highest common factor of 2935014 and 2124?
354
What is the greatest common divisor of 761104 and 22384?
16
Calculate the highest common divisor of 10686650 and 6150.
2050
What is the greatest common factor of 405 and 6938190?
135
Calculate the highest common factor of 2219 and 4545146.
317
Calculate the highest common factor of 221 and 2592551.
221
What is the highest common factor of 3046 and 4834?
2
What is the highest common factor of 209855 and 335445?
95
Calculate the greatest common factor of 5432 and 660184.
56
What is the greatest common divisor of 3473128 and 8?
8
What is the highest common factor of 49 and 316127?
7
Calculate the greatest common divisor of 14340 and 1961382180.
14340
Calculate the highest common divisor of 22274 and 166537.
259
Calculate the highest common divisor of 38376 and 4849.
13
What is the greatest common divisor of 3393 and 4799529?
261
Calculate the greatest common factor of 2028926 and 92323.
109
What is the greatest common divisor of 179401 and 1114639?
2941
What is the highest common factor of 8836508 and 6116?
556
What is the greatest common divisor of 8984570 and 490?
70
What is the highest common divisor of 80666 and 46799?
53
What is the greatest common divisor of 4047 and 233301?
57
Calculate the highest common factor of 1137 and 12716966.
379
Calculate the highest common divisor of 69 and 2318377.
23
What is the greatest common factor of 5447 and 15769?
13
Calculate the highest common divisor of 183125140 and 1015.
145
Calculate the highest common divisor of 80333 and 41269253.
7303
Calculate the highest common divisor of 2042694 and 3769560.
5094
What is the highest common factor of 980 and 74097555?
245
What is the greatest common divisor of 75129 and 9324872?
317
Calculate the highest common divisor of 274 and 53874154.
274
Calculate the greatest common factor of 9240 and 61622.
22
Calculate the greatest common divisor of 580232 and 5147058.
5002
What is the highest common divisor of 9425 and 198766?
29
What is the highest common divisor of 17600 and 1753920?
320
What is the greatest common factor of 29 and 875244186?
29
What is the highest common factor of 12 and 573810?
6
Calculate the highest common divisor of 628 and 1361716.
4
Calculate the highest common divisor of 9729874 and 574.
574
Calculate the highest common divisor of 1845 and 365639640.
615
Calculate the highest common factor of 1134 and 11284623.
189
Calculate the highest common factor of 1728 and 94716.
108
What is the highest common divisor of 57 and 857527?
19
What is the highest common factor of 3586 and 54835?
11
What is the highest common factor of 8 and 4056888?
8
Calculate the greatest common factor of 945 and 251.
1
Calculate the greatest common divisor of 580 and 8612630.
10
What is the highest 